51) composite?
True
Let u = -179 + 186. Suppose -22370 = -u*a + 1829. Is a a composite number?
False
Let v be 5 - 6 - -112*(5 + -1). Let n = 859 - v. Suppose -5*o + n + 33 = 0. Is o a prime number?
True
Suppose 0 = -2*q + 9 + 3. Suppose -1797 = -q*o - 3. Suppose 2*d + 87 = o. Is d prime?
False
Suppose 159027 = 4*g - 54881. Is g a prime number?
False
Let y(j) be the second derivative of -j**3/2 + 16*j**2 + 20*j. Let n be y(11). Let f(t) = -206*t + 5. Is f(n) prime?
True
Let x(u) = 2*u**2 - 29*u - 13. Let m be x(15). Suppose -2*p + 3080 = -0*p. Is m*6/4 + p prime?
True
Let y(z) = 121*z + 4. Let o be y(-3). Let d = -2317 + 3595. Let h = o + d. Is h prime?
True
Let l(c) = 6*c**3 + 9*c**2 + 3*c + 1. Suppose -3*w + 5*v - 2*v + 3 = 0, v - 11 = -2*w. Is l(w) a prime number?
True
Suppose 3*i - 6 = 3*v, 0 = -v + 4*v - 9. Suppose -3*k + 4*b = -1507, 4*b + 1032 = i*k - 1485. Is k a composite number?
True
Is 66912 - (24 + -9 + -22) a prime number?
True
Let n(i) = 1074*i**3 - 4*i**2 - 16*i + 103. Is n(4) composite?
False
Let j be (364/21)/(-13)*-3. Suppose j*o = -r + 469 + 646, 0 = 3*r + o - 3367. Is r a composite number?
False
Suppose 0*y = 2*y + 4*x - 5144, -3*x = -5*y + 12860. Let d = -1833 + y. Is d prime?
True
Let h(a) = -400*a**3 + 2*a**2 + 5*a + 5. Let s(d) = 3*d**3 + d**2. Let u be (-8)/(-12)*(-3)/2. Let v be s(u). Is h(v) a prime number?
True
Is 4/30 - 5446265/(-75) a prime number?
True
Suppose 167*p + 1455819 - 1884097 = 5852091. Is p composite?
False
Let i = 2923 + 9654. Let x = 18564 - i. Is x prime?
True
Is ((-196)/14 - -9)*-8627 a prime number?
False
Let n = -23525 - -38253. Let g be n/20 + (-8)/20. Suppose -g = 2*f - 3918. Is f a composite number?
True
Let z(a) = 55307*a**3 + 7*a**2 - 9*a + 1. Is z(1) composite?
True
Let d = -34 + 35. Suppose -2*w + 9 = 3*b, 5*b + 5 = 3*w + d. Suppose 0 = w*z - 4*o - 7303, -o - 7315 = -3*z - 3*o. Is z a prime number?
True
Let b(z) = -z**3 - 13*z**2 - z - 2. Let v be b(-13). Suppose -v*t + 14*t - 249 = 0. Suppose -4*o + t = 2*a - 227, -4*a + 599 = o. Is a a composite number?
False
Let n(s) = 45*s**2 - 145*s - 669. Is n(-43) a composite number?
False
Let a be (-821622)/37*3/(-2). Let v = a + 44272. Is v a prime number?
False
Is 4 - (-3177889)/195 - (-4)/30 composite?
False
Suppose 0 = -4*s + 9*s - 5*b + 10, 4*s + 5*b = -53. Is 0/(-2) - (-4 + 13311)/s a prime number?
True
Let b = -104349 - -177694. Is b prime?
False
Suppose -794837 = 8*d - 2716989. Is d a prime number?
False
Let i be (-79)/(-1) - (5 + -10 + 3). Let n = i + -48. Suppose -4*m = -3*m - n. Is m prime?
False
Suppose 5*q = 3*n - 48976 + 1942664, 0 = -q + n + 378738. Is q composite?
True
Let s(c) = c**3 - 26*c**2 + 28*c - 61. Let l be s(25). Suppose l*b - 17*b + 51 = 0. Suppose -b*r + 4837 = -10*r. Is r prime?
True
Let g(z) = -251*z + 121. Let y(l) = -l + 3. Let d(i) = g(i) + 4*y(i). Is d(-42) prime?
False
Let p(g) = -515774*g - 2187. Is p(-4) prime?
True
Let v(l) = 83*l**2 - 17*l + 73. Suppose -7*r - 8 + 43 = 0. Is v(r) a prime number?
True
Let z(a) = a**3 - 18*a**2 - 18*a - 16. Let g be z(19). Suppose 4*u - 20 = 0, 0*u - 39 = 3*c - g*u. Is (c/(-24))/((-3)/(-3177)) a composite number?
False
Let s(v) = -21*v + 43. Let z be s(-11). Suppose 268*r = z*r - 55866. Is r composite?
False
Suppose 2*b - 180 = -4*p, -5*b = p - 2*b - 45. Suppose 2*d - p = -5*u - 2*d, -2*u - 3*d + 25 = 0. Is (-15)/3 + 14498 - (u + -1) a composite number?
False
Let f(o) = o**3 + 8*o**2 + 5*o - 12. Let x be f(-7). Suppose -3*s + 3 = -x*s. Suppose 0 = -3*r - 4*m + 393, 0*r - 626 = -5*r + s*m. Is r a composite number?
False
Is 279331 + (-16)/(-96)*-12 a composite number?
False
Let k = -1355491 - -1911602. Is k/190 - (-1)/10 prime?
True
Is 466166*261/58*(20/18 + -1) a composite number?
False
Let p(u) = 10*u**3 - 4*u**2 + 2*u - 3. Let i(y) = 6*y**2 - 2*y**2 - 5*y + y**2 - 4*y**2 + 8. Let v be i(4). Is p(v) prime?
False
Suppose -39 = 8*r - 21*r. Suppose -3*n = 3, -r*y = -5*y - 4*n + 1110. Is y composite?
False
Let k(f) be the first derivative of 5*f**3/3 + 5*f**2/2 + 4*f + 12. Let l be k(-1). Suppose 5*n + 2*w - 3695 = 0, 0*n + l*w = 2*n - 1478. Is n a prime number?
True
Suppose 4*l - 2*l + 4 = 0. Let i(s) = -24*s + 454. Let r be i(19). Is (-506)/(-11) + l/r prime?
True
Let h be ((-10)/2)/(-10)*3330. Suppose -301 + 1487 = -l. Let a = l + h. Is a prime?
True
Let p be 5 + -2 - 0 - 3/(-3). Suppose 2*c - p*l = 2954, 7*l - 3*l = 3*c - 4423. Is c composite?
True
Let i(z) = z**2 - 34*z - 71. Let a be i(36). Is ((-396423)/(-204))/(a*3/8) a composite number?
True
Let o(d) = 5*d - 8*d - 1 - 15*d - d**2. Let l be o(-18). Is (-1332)/(-9) - l/1 a prime number?
True
Suppose t + 2*q + 0*q + 86 = 0, -383 = 4*t - 5*q. Is t/(-184) + 47017/(-4)*-2 prime?
True
Suppose 0 = 2*v - 3*p + 99, 2*v - p - 163 = 6*v. Let z be ((-42)/(-49))/(-3*4/v). Is (1 + (-9 - -5))/(z/(-82)) composite?
True
Suppose r - 3*v - 2 = 14, 2*r - 11 = -v. Let g(q) = -q**3 + 9*q**2 + 18*q - 15. Is g(r) prime?
False
Let u(w) = -14*w**3 + w**2 - w - 1. Let z be u(-1). Is ((-25)/z)/(2/(-3378)) prime?
False
Suppose -5*y = 5*z - 10*z + 1789830, -19*y + 1073920 = 3*z. Is z a prime number?
True
Suppose 0 = 5*t + 5231 - 751. Suppose -2*r - 397 - 77 = 0. Let s = r - t. Is s composite?
False
Suppose 2*a + 34 + 8 = 2*h, 2*h - 38 = 4*a. Suppose 3*u = -8 + h. Suppose 712 = u*k + 17. Is k a prime number?
True
Let m = -27629 + 83796. Is m a prime number?
True
Let w be -438 + (-3)/3 + 0. Suppose 0 = -t - 2*g - 892, -t = 3*g + 2*g + 895. Let c = w - t. Is c prime?
False
Let i be 5/10*22/3*-21. Is (-1 - 0)*(i + -6210) a composite number?
False
Let i = -13140 - -15159. Is i a prime number?
False
Let b be (-2)/(-8) + 62311/4. Suppose -236*r + 238*r = b. Is r prime?
True
Let u be (-5)/(-10)*-56*(-2)/2. Let s(r) = 104*r - 213. Is s(u) composite?
False
Suppose 0 = -8*w - 27*w. Let k be 2/(-1)*(-5)/2. Suppose v + 4 = -w, v = -k*r + 2911. Is r composite?
True
Suppose -r - 4*p - 6 = 0, 0*r - 4*p = -r + 18. Suppose -6*a + 6 + r = 0. Suppose 2*i - 7*s = -3*s + 114, 5*i = a*s + 325. Is i a composite number?
False
Suppose 10*h + 2*h + 14*h - 9268142 = 0. Is h composite?
False
Is (2 + -1)/(24/2745768) a composite number?
False
Is 10 + (60525 - (8 - 12)) composite?
False
Let q(b) = 25088*b + 143. Let r be q(2). Suppose 0 = 5*m - 12226 - r. Is m composite?
True
Is 305/(-915) + (-4)/(-10) + 387824/15 prime?
False
Let q(t) = -37 - 210*t**2 - 10*t + 0*t**3 + 209*t**2 + t**3. Is q(13) a composite number?
False
Is 3/102 + (-589138650)/(-3060) a prime number?
True
Suppose 0 = 3*w - 28815 - 194235. Suppose -99145 = -4*s - 0*q + 5*q, 0 = 3*s + 5*q - w. Is s composite?
True
Let t = 85 - 85. Suppose 0 = -3*y - 3*u + 42, -3*y + 2*y + u + 4 = t. Suppose -2611 = 2*b - y*b. Is b a composite number?
False
Let o = -8 - -10. Suppose 3*r - 2*r - o = 0. Is 1324*((-9)/6 + r) prime?
False
Let w = -163910 - -321019. Is w composite?
False
Let v(a) be the third derivative of -95*a**4/24 + 21*a**3 + 200*a**2. Is v(-13) prime?
True
Let w = 6 + -3. Suppose 0 = 5*o - 15, -3*r + w*o + 2*o + 8028 = 0. Is r prime?
False
Suppose -a = -u - 4, 5*u - 1 = -2*a - 0. Suppose 13*t - 17*t = a*o - 13973, 3*o = t - 3482. Is t a composite number?
False
Is (-167961*45/81)/1*(-15)/25 a prime number?
True
Suppose 3*f + f - 8 = l, -3*f - l - 1 = 0. Suppose -4*i = 3*w - i + 54, -68 = 4*w + 3*i. Is 2/f - (-1921 + w) prime?
False
Suppose 14*w - 33 = 3*w. Suppose 0 = -w*l - 2*b - 0*b + 2097, -2*b + 1396 = 2*l. Is l composite?
False
Let k = 2713308 + -1518561. Is k prime?
False
Let s(h) = -5739*h**3 + 7*h**2 + 5*h - 1. Let r be s(-1). Let f = -3866 + r. Is f a composite number?
True
Is (-9)/21 + (4 - (-9713160)/70) prime?
True
Let j = -30 - -44. Let n be 4/(-14) + (32/j - 0). Suppose n*q - 5596 = -2*q. Is q a composite number?
False
Let i(d) = -d + 17. Let l be i(-8). Suppose 4*h - l = -n, 7*h = 4*h - 3*n + 21. Suppose -1196 = h*g - 10*g. Is g a composite number?
True
Is 120/108 + (-136586490)/(-270) composite?
False
Suppose -1121 - 417 = -3*q + 370. Suppose -3*r + 2*r = 217. Let u = q + r. Is u composite?
False
Is (118915754/(-3766))/((-1)/7) a composite number?
True
Let c = 193270 - 93227. Is c composite?
False
Suppose 338835 = 107*d + 94340. Is d a composite number?
True
Suppose -18*h + h + 2062457 = 0. Is h a com